t are the prime factors of (-28 + 10)*(-1)/3?
2, 3
Let h = -3 + 0. What are the prime factors of -9*(-2)/(h - -9)?
3
Let a(i) = 89*i**2 + 2*i - 1. What are the prime factors of a(1)?
2, 3, 5
Let p(i) = 5*i**2 + 9*i + 5. List the prime factors of p(-7).
11, 17
Suppose 86 = 2*r - 4. List the prime factors of r.
3, 5
Let j(t) = -2*t**2 - 3*t - 1. Let v be j(-2). What are the prime factors of 24/(-1)*v/6?
2, 3
Suppose -3*i - 3*s = 12, -4*i - 4*s - 19 = i. List the prime factors of (1/i)/((-2)/126).
3, 7
Let o(t) = t + 5. Let w(j) = j**3 - 11*j**2 + 10*j + 4. Let r be w(10). Suppose r*d = 3*u + 12, -u - 12 = 4*u - 4*d. List the prime factors of o(u).
5
Suppose 0 = 4*b, -116 = 3*i - 7*i - 5*b. Let t = i - -11. Suppose 4*z + o = t, 2*z + o + 3*o = 20. List the prime factors of z.
2, 5
List the prime factors of (-21 - -3)/(4/(-6)).
3
Let a(g) = -g**3 - 4*g**2 + 3*g - 1. Let i be a(-5). What are the prime factors of (-2*1)/((-6)/i)?
3
Let n = 17 + -13. What are the prime factors of n?
2
Let g = 0 + -8. Let a(k) = -3*k - 6. What are the prime factors of a(g)?
2, 3
Let m be (-128)/(-6) + 4/6. Suppose 3 = 3*o - 3. Suppose 0 = -0*k - o*k + m. What are the prime factors of k?
11
Suppose 0 = -8*r + 13*r - 755. What are the prime factors of r?
151
Let v be ((-2)/4)/((-1)/6). Suppose v*s = -2*s + 4*z + 170, 4*z - 210 = -5*s. What are the prime factors of s?
2, 19
Suppose 0 = 7*g - 3*g - 40. List the prime factors of g.
2, 5
Let z(l) = 3*l**2 + 7*l + 1. List the prime factors of z(-5).
41
List the prime factors of (-24)/(-30) + (-91)/(-5).
19
Let v(c) be the first derivative of 5*c**4/4 - 4*c**3/3 + 3*c**2/2 - c - 4. List the prime factors of v(2).
29
Let b(q) = q**3 - 12*q**2 + 12*q + 13. List the prime factors of b(11).
2, 3
What are the prime factors of (-1)/(12/(-8))*303/1?
2, 101
Let r(p) be the second derivative of -p**4/12 - 2*p**3/3 + p**2/2 + 3*p. What are the prime factors of r(-2)?
5
Let y = 71 - 32. List the prime factors of y.
3, 13
Let p(q) = -q - 2. Let b = 12 + -19. What are the prime factors of p(b)?
5
Let r(q) = 273*q + 2. List the prime factors of r(1).
5, 11
Let x(n) be the third derivative of n**5/60 + n**4/6 + n**3/6 + 2*n**2. Let a(h) = -6*h**2 - h - 1. Let s be a(-1). List the prime factors of x(s).
13
Suppose 4*f - 55 = -f. What are the prime factors of f?
11
Suppose -3*j + 0*j = -12. Let l = j - 2. Suppose 11 = -l*i - 4*d + 41, -4*i + d + 42 = 0. What are the prime factors of i?
11
Let q(y) = -y**3 - y**2 - y - 29. Let j be q(0). Let k = -20 - j. What are the prime factors of k?
3
List the prime factors of (-154)/(-8) - 11/44.
19
Let b = -26 + 2. Let r = -34 - b. Let m(v) = v + 13. What are the prime factors of m(r)?
3
Let z(q) = -8*q - 1. List the prime factors of z(-8).
3, 7
Suppose 0 = 4*q + 4*x - 4, 1 = 5*q - x + 2. Suppose q = 3*u - 3*d - 90, 78 = 4*u + d - 62. What are the prime factors of u?
2, 17
Suppose 4*d = 2*f - 48, 0 = 5*f + 7*d - 3*d - 176. Let r = -22 + f. What are the prime factors of r?
2, 5
Let i be 6/1*(-15)/(-6). Let j be i + (0 - -1 - 2). Let t = -9 + j. List the prime factors of t.
5
Let b(o) = o**3 + 4*o**2 - 5*o + 3. Let p be b(-5). Suppose 2*s = 5*s - p*r + 750, 2*s + 500 = r. What are the prime factors of (-12)/(-10)*s/(-15)?
2, 5
List the prime factors of 474/12 + (-3)/2.
2, 19
What are the prime factors of (-408)/(-85) - 8/10?
2
Let u(m) = -m**2 + 4*m + 2. Let p be u(3). Suppose 5*v - 5 = p. Suppose v*i + 4*k - 63 = -3*i, -2*k + 59 = 5*i. What are the prime factors of i?
11
Let w(n) = n**3 + 2*n**2 - 2*n - 1. Let h be w(-2). Suppose -h*t + 75 + 21 = 0. What are the prime factors of t?
2
Suppose 2*s = 4*k - 2, 5*k + 0*k - 8 = -3*s. Let b = k - -3. Suppose -28 = -4*h + b*t, 3*t = 4*h + t - 28. List the prime factors of h.
7
Let u be ((-2)/(-6))/(2/(-6)). Let c = -7 - -9. List the prime factors of (-100)/(-8) - u/c.
13
Suppose 0 = s + 3 - 4. What are the prime factors of s + (-1)/((-2)/12)?
7
Let d(c) = -c**3 - 10*c**2 - 10*c + 3. Let v be d(-9). Let j = -3 + v. Suppose 66 - j = 3*w. List the prime factors of w.
19
Let b(y) = -4*y - 5. Let l be 1*-2 + (-6 - 0). List the prime factors of b(l).
3
Suppose 5*c - 150 = -3*i, 4*i + 0 - 200 = c. What are the prime factors of i?
2, 5
Let r(q) = 5*q - 9. What are the prime factors of r(8)?
31
Let m(w) = 3*w**2 + 22*w - 20. Let i(f) = f**2 + 7*f - 7. Let g(h) = 7*i(h) - 2*m(h). Let d be g(-8). Let y = 22 - d. What are the prime factors of y?
7
Let q = 6 - -7. Suppose -2*p + 49 = -5*l, -p + 4*l = -16 - q. Suppose 3*i + a = 59, -4*i + 5*i = a + p. What are the prime factors of i?
19
Suppose -3292 - 257 = -13*t. What are the prime factors of t?
3, 7, 13
Suppose 6 = 2*z, -b = -3*z + 2*z - 56. What are the prime factors of b?
59
Let a(q) = q**2 - 3*q + 108. What are the prime factors of a(0)?
2, 3
List the prime factors of -2 + 2/(-1) + 135.
131
Let i(u) = 17*u**3 - 2*u**2 + 2*u + 3. Let q be i(-2). Let f be (6/5)/((-2)/q). Suppose 0 = 4*l + 27 - f. List the prime factors of l.
3, 5
Suppose 0 = -2*n + 3*n - 28. List the prime factors of n.
2, 7
Suppose -5*f - 19 + 109 = 0. Suppose -3*o - 2*o - 50 = 0. Let d = f + o. What are the prime factors of d?
2
Suppose 3*h = 4*h + 1. Let z be (0/(-2) + h)*3. List the prime factors of (-1)/(-3) - 26/z.
3
Let b(s) = s**2 + 10*s + 1. Let i be b(-7). Let p be i/(-6) + 4/6. Let h(f) = 4*f - 6. List the prime factors of h(p).
2, 5
Let l(m) = m**3 - 5*m**2 + m - 7. Let n be l(5). Let j be ((-10)/n - 1) + 1. Suppose -3 = -j*t + 32. List the prime factors of t.
7
Suppose 5 = -4*a + 69. What are the prime factors of a?
2
Suppose -v + 56 = 3*v. What are the prime factors of v?
2, 7
What are the prime factors of 1/2 - 965/(-10)?
97
Let r(m) be the first derivative of -m**4/4 - 4*m**3/3 + 3*m**2/2 - 2*m + 4. Suppose 4*a + 23 - 3 = 0. List the prime factors of r(a).
2
Let q(o) = 2*o**2 + 15*o - 8. Let z be q(-12). Suppose 0 = u + 4*u - z. List the prime factors of u.
2, 5
Suppose 0 = 2*h + 4*v - 12, -4*h - 3*v = -5*v - 54. Suppose -w + 0 = -h. What are the prime factors of w?
2, 3
Let j = 4 - 7. Let r = j + 5. Suppose 1 = -p + 3*c, 5*p + r*c = 20 + 9. List the prime factors of p.
5
Let f(z) = -z**3 + 6*z**2 + 2*z - 7. Let t be f(6). Suppose -28 - 14 = -m + 3*d, t*m - 2*d = 197. List the prime factors of m.
3, 13
Let x(q) be the third derivative of -13*q**6/120 - q**3/6 - q**2. Let f = -16 - -15. List the prime factors of x(f).
2, 3
Suppose 2*o + t - 30 = 36, 35 = o + t. List the prime factors of o.
31
Let a be (-2)/(-3) - 2/3. Suppose -b + 17 = 2*o - a*b, -3*b - 4 = o. List the prime factors of o.
11
List the prime factors of -1*(-4 + (2 - 0)).
2
Let v be 17/3 + (-1)/(-3). Let i be (-13)/(-2) + 3/v. Let s = i + 3. List the prime factors of s.
2, 5
Let y = 15 + -11. Suppose 7 = f + 2*j - 5*j, 0 = y*j. Suppose 60 = 4*x + 4*m, 3*m - f*m = -3*x + 24. What are the prime factors of x?
2, 3
Let q be (-2)/3*21/2. Let c be 30*(-3 - q/2). Let g = c - 9. List the prime factors of g.
2, 3
Suppose 3*n - 278 = 5*h + 88, 0 = -h - 3. List the prime factors of n.
3, 13
Suppose -2 = b - 3*z, -b - z = -3*z + 1. Let r be 18*b*(5 + -1). List the prime factors of ((-2)/3)/((-6)/r).
2
Let x(j) = j**3 - j**2 + j - 2. What are the prime factors of x(2)?
2
Let y = 37 - 19. List the prime factors of 10/45 - (-194)/y.
11
Let a(o) = o + 1. Let v(r) = 1. Let p(b) = a(b) - 3*v(b). Let g be p(4). Suppose 5*u = g*u + 12. What are the prime factors of u?
2
Suppose -g = -4*z + 118 - 49, -4*g + 47 = 3*z. List the prime factors of z.
17
Let f = -3 - -1. Let n be (5/(-4))/(f/8). Suppose n*t = -4*d + 61, 3*d + 4*t = t + 42. List the prime factors of d.
3
Let j be 14/49 + (-10)/(-14). Suppose 5 = k + j. Suppose k*w - 10 + 2 = 0. What are the prime factors of w?
2
Suppose 4*n + 3*z - 5*z - 34 = 0, 3*z + 15 = 0. Let g = 10 - n. What are the prime factors of g?
2
Suppose g = 5*g - 4. Let m be (-3 + 2 + 0)/g. Let p = 9 + m. List the prime factors of p.
2
Let r = 129 + -92. List the prime factors of r.
37
Let w be (-12)/(-42) + 24/14. Suppose -7*h + p = -w*h, -3*h = -5*p. Suppose -x + 2 + 5 = h. What are the prime factors of x?
7
Let m(h) = h**2 + 3*h - 3. Let j be m(3). Suppose -4*t - 3*s + 94 = 0, s + j = 3*t - 62. Suppose -30 = -5*q + t. What are the prime factors of q?
11
Let f(r) = -r